 92*v + 85*v + 86*v + 87*v + 1 - 2. Suppose 3*m - 4*m = -4. Determine l(m).
3
Let t be ((-1)/(-5))/(118/4720). Let r(a) = -a**3 + 10*a**2 - 17*a + 15. Give r(t).
7
Let o = 465 - 464. Let p(w) = 3278*w + o + 2*w**3 - w**2 - 3278*w. Determine p(-1).
-2
Let z(l) = l + 1. Let u(i) = -i - 2. Suppose -10 = 2*a + w, -3*a = -5*w - 5 - 6. Let h(c) = a*z(c) - 4*u(c). Give h(-3).
2
Suppose 37 = 5*v + 7. Suppose 0 = -h + 22*h + 63. Let j(f) = -2*f**2 - 1. Let s(q) = -3*q**2 - q - 3. Let o(z) = h*s(z) + 5*j(z). Calculate o(v).
-14
Let w(m) be the first derivative of -m**4/4 + 5*m**3 - 23*m**2 + 25*m + 2047. Determine w(11).
3
Let k(r) = 3*r**2 + 2*r + 2. Let o(b) = -2*b**2 + 22*b + 26. Let s(d) = k(d) + o(d). Give s(-21).
-35
Let d(o) = -o**3 + o**2 - o + 34. Suppose 10*t + 3*y - 15 = 0, -2*t - 7 = 2*y - 17. Give d(t).
34
Let k(o) be the third derivative of o**4/24 + o**3/3 + 4*o**2. Suppose -20*g = 15*g - 9590. Let m = g - 268. Calculate k(m).
8
Suppose h - 13*d + 17*d - 23 = 0, 0 = 12*h + 3*d + 39. Let j(b) = -b + 1. Let g(o) = -4*o - 6. Let a(n) = -g(n) + 3*j(n). Determine a(h).
4
Let m = -1 - -3. Let h(u) = -2*u**2 + u**3 - 8*u**2 + 2*u + 7*u**m. Let t be (-34)/(-10) + (-7)/((-175)/(-10)). Calculate h(t).
6
Let t(z) = -2*z + 2. Let l(o) = o**2 - 37*o + 56. Let h(d) = -l(d) + 23*t(d). Suppose 4*y - 5*y = -2. Suppose -5*n = a + 36, -a + 20 = -5*n + y*n. Give h(n).
4
Let w(z) = -3182*z**2 - 3149*z**2 - 45 + 2*z + 6332*z**2. What is w(6)?
3
Let p(c) be the third derivative of -c**6/120 + c**5/60 + c**4/12 - 5*c**3/6 + 11*c**2 + 42*c. Give p(-2).
3
Let m(o) be the first derivative of o**6/120 + o**5/10 - o**4/4 - 5*o**3/6 + 22*o**2 - 2*o + 106. Let a(k) be the second derivative of m(k). Determine a(-7).
-12
Let z(s) = 2*s**2 - 11*s + 11. Let o be z(9). Suppose 0 = -4*w + 2*a + 18, -3*w - 2*a - 22 = -25. Let r(h) = w*h + 74 - 2*h**2 - o + h. Calculate r(3).
-6
Let i(p) = 10*p**3 + 2*p**2 - 4*p - 117. Let k(j) = 11*j**3 + 3*j**2 - 5*j - 132. Let a(q) = -10*i(q) + 9*k(q). What is a(5)?
7
Let g(r) be the second derivative of r**5/20 - 4*r**4/3 + 15*r**3/2 + 37*r**2/2 - 378*r + 7. Calculate g(12).
1
Let f(b) be the second derivative of b**5/20 - b**4/4 - b**3/6 + b**2/2 + 12*b + 4. Let d(k) = k**3 - 2*k**2 - 2*k + 2. Let p(t) = -2*d(t) + 3*f(t). Give p(4).
-13
Suppose -695 = 19*l + 7703. Let s = l + 445. Let a(v) = 2*v**2 - 1. Calculate a(s).
17
Let b(r) = -8*r + 22. Let t be 70/2065 - (-7056)/708. Determine b(t).
-58
Let b(m) = -13*m - 168. Let r(j) = 90*j + 1151. Let z(q) = -41*b(q) - 6*r(q). Determine z(-8).
38
Let m(d) be the first derivative of 11*d**3/3 - d - 807. Let o(t) = t**2 + 9*t + 11. Let b be o(-8). Suppose b*y + 0*y = -3. Calculate m(y).
10
Let u(g) be the third derivative of -g**6/40 - g**5/60 + g**4/3 - 2*g**3/3 - 1311*g**2. What is u(-3)?
44
Let o = -6970 - -6970. Let h(m) be the third derivative of -7/6*m**3 + 2*m**2 + 0 + 0*m - 1/24*m**4. What is h(o)?
-7
Let h(a) be the second derivative of 2*a**3/3 + 2*a**2 - 2*a. Let q(x) = -4*x**2 - 8*x - 8. Let u be q(-1). Give h(u).
-12
Let f(n) = -n + 13. Suppose 4*l + 3*t = -l + 90, -2*l = 2*t - 40. Let y(p) = -4*p + 65. Let m be y(l). Suppose 56 = m*o + 3*o. Calculate f(o).
6
Let j(n) = 0*n + n**3 + 4*n - 7*n**2 + 59 + n - 28 - 37. Determine j(8).
98
Let p(q) be the third derivative of 2*q**6/15 + q**4/24 - q**3/6 + 1591*q**2. Calculate p(1).
16
Let v(h) = -567*h - 2*h**2 - h**2 + 593*h + 5*h**2 - 3*h**2 - 49. Give v(22).
39
Let n(o) = -14*o - 4. Let m = 3104 - 3109. Calculate n(m).
66
Suppose -3*m + 2 = 5. Let y(u) = -3*u - 7. Let p(o) = -o. Let t be (3/12)/(9/72). Let v(w) = m*y(w) + t*p(w). What is v(-5)?
2
Let l(v) = -7*v**2 + v. Let r(o) = -15*o**2 + 8*o. Let z(m) = 2*l(m) - r(m). Suppose 2*b = 5*b + 3, 3*s - 40 = -2*b. Let q = -8 + s. Determine z(q).
0
Let s(v) = -3*v**2 - 2*v. Let r(n) = 2*n**2 + 4*n + 1. Let m be r(-2). Suppose 7*y - m + 15 = 0. Determine s(y).
-8
Let u be 2/(4*(-1)/(-86)*1). Let h = -43 + u. Let d(o) = -o**2 + 10*o**2 - 3*o + 2*o + h*o. Give d(1).
8
Let x be (3366/935)/((-36)/(-80)). Let u(f) = -4*f**2 - 29*f - 19. Let j(i) = i**2 + 10*i + 6. Let h(c) = -7*j(c) - 2*u(c). What is h(x)?
-36
Let d(p) = 51*p**2 + 917*p - 20. Let i be d(-18). Let y(j) = -21*j**2 - j - 2. Calculate y(i).
-84
Let x(n) be the third derivative of 13*n**4/12 + 127*n**3/6 - 1012*n**2. What is x(-5)?
-3
Let i(n) = 17*n + 93. Let t(u) = 13*u + 68. Let j(a) = 3*i(a) - 4*t(a). Suppose 4*k = -8, -5*s + 43 = 6*k - 5*k. Calculate j(s).
-2
Suppose 0 = -0*t + t + 5*q - 30, 4*t - 57 = q. Let l = t - 10. Let x(p) = 4*p + 3*p - 6*p + 3 - l. Give x(-4).
-6
Let c = 6938 - 6942. Let i(x) = x**3 + 7*x**2 + 8*x + 7. Give i(c).
23
Let x(w) be the first derivative of -5*w**2 + 4*w + 12143. Give x(9).
-86
Let i(s) be the third derivative of 25*s**4/24 + s**3/2 + 54*s**2 - 3*s. Give i(-1).
-22
Let c be 39/195*10/(-1). Let u(x) = -x**2 + 3*x + 4 - 1 - 1. Determine u(c).
-8
Let j(a) = 160*a - 3520. Let o be j(22). Let h(z) = 56*z + 1. Determine h(o).
1
Suppose -16*a = -31*a. Let t(z) = 3*z - 65. Determine t(a).
-65
Let a(v) be the first derivative of -v**3/3 + 3*v**2 - 3*v + 283. Let t = -46 + 50. Calculate a(t).
5
Let i(b) = -2*b**2 + 7*b - 6. Let d(l) = 5*l**2 - 20*l + 17. Let w(z) = z + 4. Let g be w(2). Let r(y) = g*d(y) + 17*i(y). Give r(1).
-5
Suppose 6 = q + 1. Suppose 0 = m - 2*s - 0*s - 6, -q*s = 15. Let h(v) = -93*v - 10. Let z(u) = 130*u + 14. Let c(x) = 7*h(x) + 5*z(x). Calculate c(m).
0
Let o(t) = -58480*t - 58485*t + 116962*t + 21. Calculate o(-6).
39
Let n(g) = 427*g - 132*g - 163*g - 136*g - 19. Let q = -10 + 4. Calculate n(q).
5
Let c(l) be the second derivative of -1 - 7/12*l**4 + 1/2*l**2 - 1/20*l**5 + 7*l - l**3. Let s = -7 - -1. Give c(s).
1
Let v(z) = z**3 + 16*z**2 + 7*z - 4. Let h be v(0). Let y(p) = 4*p + 13. Give y(h).
-3
Let w(h) = 23272*h - 23288*h + 7 - 5 - 4. What is w(5)?
-82
Let j(v) = v**3 + v**2 - 6*v - 11. Let o be j(3). Let b be 1/(((-9)/o)/9). Let q(w) = -7*w + 2 + w**3 - w + w + 4 + 6*w**2. Give q(b).
6
Let v(b) = 0*b**2 + b**2 + 1 - 2*b - 6. Let m = 272 - 269. What is v(m)?
-2
Let t(n) = 4*n**2 + 101*n + 284. Let o(y) = y**2 + 25*y + 71. Let x(p) = 9*o(p) - 2*t(p). Let g be x(-19). Let f(j) = 2*j + 3. What is f(g)?
-7
Suppose n = -2*b - 4, 0*n - 5*b - 55 = -5*n. Let y(c) = 0 - 8 + 7 + 4 - n*c. Give y(2).
-9
Suppose 65 = 5*c + 5*t, -3*t = c + 2*t - 29. Suppose 0 = q - 2*x, x - 29 = 3*q - c. Let i(r) = -r**2 - 7*r + 7. What is i(q)?
-1
Suppose -5*s + 32 = 11*s. Let k(n) = 3*n + s*n + 3 - 2*n - 6 + 2. Determine k(2).
5
Let w(p) = -p**3 + 25*p**2 - 17*p - 108. Let g be w(24). Let i be (-12)/(-20)*g/36. Let c(h) = 6*h**3 + 2*h**2 + h - 2. Calculate c(i).
7
Let q(v) = -4 + 1547*v + 1519*v - v**2 - 3055*v. Give q(6).
26
Let z(b) be the third derivative of b**4/24 + 17*b**3/6 - 2159*b**2. Give z(-28).
-11
Let u be (-6)/(-4) - (-1)/2. Let f be (-3)/u*2/(-1). Let d(p) = -67*p - 2*p - p**2 - 4*p + 75*p - 6*p. Give d(f).
-21
Let t(h) = -34*h**2 + 43*h - 45. Let l(y) = -25*y**2 + 32*y - 32. Let o(m) = 11*l(m) - 8*t(m). What is o(8)?
-120
Let g(r) = 4*r**2 + 6*r - 5. Let o = -10778 + 10774. Give g(o).
35
Let f(m) be the first derivative of m**5/24 + m**4/8 + 4*m**3/3 + 2. Let v(n) be the third derivative of f(n). Let z(h) = -2*h + 69. Let w be z(36). Give v(w).
-12
Let a(f) be the third derivative of -f**7/210 - f**5/60 + f**4/24 - 185*f**3/6 + 2*f**2 + 59*f. Let k(m) be the first derivative of a(m). Give k(1).
-5
Let x(j) be the third derivative of j**5/12 + 19*j**4/24 - 19*j**3/6 + 4*j**2 + 5. Calculate x(-5).
11
Suppose 244 - 231 = -3*t - x, 0 = -5*t + 18*x - 297. Let j(o) = 0 + 1 + o + o. What is j(t)?
-17
Let y(u) = u**3 - 16*u**2 - 17*u + 1. Let i be 14/(-105) - ((-608)/60 + -2). Let g be (-3)/i + 1242/72. Determine y(g).
1
Let b(s) = -3*s**3 + 20*s**2 - 17*s + 12. Let j be (-2)/4 + -44 + (-2626)/(-52). Determine b(j).
-18
Let f(c) = 7*c**2 + 1 - 10*c**2 + 8*c**2 + 4*c + c**3 + 2*c**2. Let n(g) = 9*g - 141. Let r be n(15). Determine f(r).
13
Let a be 5/((-525)/(-9436)) - (-6)/45. Let i = a + -88. Let p(g) = 2*g**3 - 3*g + 1. Determine p(i).
11
Let i(g) = -2*g - 1. Let s be (-1)/((-2)/10)*43/215. Let j(l) = -8*l. Let r(z) = s*i(z) + j(z). Let x(y) = y**3 + 2*y**2 - y - 1. Let v be x(-1). Gi